- (3 - -14) - -2 - 3
-6
Calculate (-5 - (-6 - 10)) + -19 + (22 - 17).
-3
What is the value of 6 - (8 - -2 - (-10 + 12))?
-2
What is (-4 + 0 - (2 + 1 - 5)) + 24?
22
0 + 13 + (3 - 27)
-11
-5 - ((-5 - -5) + -1 - 3 - 2)
1
14 + (-1 + -2 - 0)
11
What is the value of -4 - (0 - -13) - (185 + -214)?
12
What is the value of 20 + -11 + (-34 - -15)?
-10
Calculate -17 - (17 - (-18 + 9) - 10).
-33
What is the value of 1 + 7 + (-22 - -26 - 14)?
-2
Calculate -10 + 22 - 14 - (-2 - 2).
2
What is the value of -17 - (-1 - (15 + -4 + (-9 - -1)))?
-13
Evaluate (-64 - (93 - 175)) + (1 - (-8 - 1)).
28
What is -12 - (13 - (33 - 2))?
6
What is -8 - (-3 + -2 + 9)?
-12
What is the value of (1 + -23 - -18) + 15?
11
Evaluate -19 - (-13 - (1 + -6)).
-11
Evaluate (-4 - (-5 + (-3 - -12))) + (1 - 5).
-12
What is the value of (-8 - 12) + 0 - -8 - 8?
-20
4 + -13 + 6 + 7
4
What is 40 + -43 + -5 + (-5 - 0)?
-13
What is the value of (34 - (30 - 21)) + -49?
-24
Calculate 6 + -3 + -7 - (-6 - 0).
2
What is the value of -8 + 26 + -9 + -4 + -8?
-3
What is 6 - (11 - 0 - (171 - 152))?
14
Calculate 8 - (1 - 1) - (4414 + -4408).
2
28 + -5 - (1 + (3 - 4))
23
What is (-8 - 1) + -17 + -8 + 35?
1
Evaluate 11 + 1 - ((16 + 0 - 11) + -4).
11
What is 22 - (7 + -1) - (13 - 1)?
4
What is the value of 12 - (-102 + 93 + (3 - 0) - 1)?
19
What is the value of (1 - 0) + -3 + 10 + (-23 - -19)?
4
What is 8 + 2 + (-15 - -20)?
15
Calculate 62 + -66 - (-1 + 4) - 0.
-7
Calculate (-12 - -39 - 1) + -2 - 1.
23
What is the value of 26 - (1 - -26) - (-2 + 1 + 1)?
-1
What is the value of 2 - ((1 - -1) + (-3 - 2) - 15)?
20
Calculate -10 + 17 + 1 + -5 + -1 + 0.
2
What is -542 + 593 - (26 - 1)?
26
What is -2 - (-7 + (1 - 6) + -2)?
12
(18 - -1 - (0 + 10)) + -7
2
What is the value of 0 - (-4 + -3 + (-1 - -8) + -2)?
2
Calculate -1 - (-3 + 4 - 6) - (2 - 5).
7
Calculate -1 + 3 + -6 + 9.
5
Calculate (-1 - (-8 - -21)) + 20.
6
Calculate (-12 - -1) + (180 - 181) + 34.
22
Evaluate -1 - ((1 - 2) + -39 + 30 + 10).
-1
What is 1 + 29 - 3 - (5 + (14 - 15))?
23
10 - ((-7 - -25) + -19)
11
Calculate -618 - -605 - (-2 + 0 + 2).
-13
Evaluate -1 + -16 - (-15 + 15 + -8).
-9
Evaluate (30 - 63) + 16 + 39.
22
Evaluate 12 - (-6 - (10 + -16) - (3 - -2)).
17
What is 8 - ((-15 - 15) + 35 + 30 + 0)?
-27
Evaluate (6 - 2) + 10 + (-1 - 9).
4
Evaluate 24 + -26 + -5 + 28.
21
What is the value of (1 + -3 - -12) + 9 + -29?
-10
What is 1 + 6 - (513 - 516)?
10
Evaluate 0 + -7 + (63 - 41).
15
Calculate -5 - (8 + (11 - (11 + 17))).
4
What is 10 + (10 + -5 - (22 + 1))?
-8
What is the value of -24 - -35 - 11 - (3 - (0 + 18))?
15
What is -2 + 2 + 2 + 11 - (3525 - 3515)?
3
Evaluate 7 - 13 - (6 - ((24 - 1) + -6)).
5
Calculate (3 - (5 + -1) - -9) + -2 + 4.
10
Evaluate -10 - (-26 - 7) - 4.
19
What is the value of -5 - (-6 - (-48 - -36))?
-11
Evaluate -42 - (26 - (4 - -29)) - (-6 - 1).
-28
Calculate 10 - (13 - (2 + -1) - (-417 - -419)).
0
Evaluate 34 + -21 + -75 + 38.
-24
What is the value of 10 + 28 + -10 + -25?
3
-11 - (-6 - 3 - -7)
-9
Calculate -78 + 43 + (7 - (-6 + 2)).
-24
Calculate -3 + (1 + -3 - (0 + 5 + -6)).
-4
What is (64 - 73) + 4 + (3 - 5 - 1)?
-8
Evaluate -6 + (10 - (-2 + -5 + (6 - -6))).
-1
What is -19 + 94 + -80 - (-1 + (-5 - 1))?
2
What is (-6 - (-13 + 7)) + 3?
3
-14 - (26 + 15 + -32)
-23
What is (7 - (-9 + (6 - 12))) + (1 - 11)?
12
What is (5 - 2) + 2 - (469 - 478)?
14
What is -5 + -2 + (-6 - -2) + 119 + -134?
-26
-9 + 5 + 8 - (0 + (18 - 2))
-12
Calculate 3 + 20 + -1 + 2 + -10.
14
Evaluate 92 - 98 - (-2 - (-1 + -1)).
-6
37 + (36 - 64) + (1 - 28) + 1
-17
5 + -14 + (-7 - -8 - (1 - 5))
-4
What is the value of -35 + 34 - (4 - -7)?
-12
What is the value of -19 + 27 + 9 + -2 + 3?
18
What is (39 + -47 - (-20 - 2)) + 7?
21
Evaluate -19 - (-50 - -44 - (1 - (11 + -1))).
-22
Calculate (-16 - 0) + 13 + -6 + 2.
-7
What is the value of (-29 - -21) + 19 + 3 + (1 - 3)?
12
-11 + -8 + 7 - -8
-4
Evaluate 0 + -2 + (637 - 618).
17
Calculate -37 + 16 + (1 + 2 - 3 - 0).
-21
Evaluate 24 + 30 + -1 + -62.
-9
-30 + 36 + 10 - 39
-23
What is -40 + -5 + -8 + 19 + 0?
-34
What is the value of -5 - (-30 - (-13 + 9) - (8 + -6))?
23
What is the value of 11 - (9 - -4 - 14)?
12
-2 + (26 + -21 + -1 + 7 - 6)
3
Evaluate (-3 - (-2 - -8)) + (6 + -3 - 8).
-14
What is the value of (-5 - 1) + (16 - 10)?
0
What is (15 - 5 - 6) + 1 - (-6 - -3)?
8
Calculate 2 + 27 + (-66 - -63) - 0.
26
What is the value of 3 + -7 - (3 + 1)?
-8
What is the value of 10 + 0 - (-32 + 33 + 3) - -7?
13
What is the value of -8 - (-6 + 3 + -5 + 18 - 26)?
8
Calculate (-25 - -1) + (-365 - -375).
-14
What is the value of -3 - 11 - (21 + -43 + -14)?
22
-13 + 0 - (-64 + 76) - -1
-24
What is (20 - 5) + (42 - 49)?
8
What is the value of 1 - (7 - (5 + -3 + 3) - -3)?
-4
-31 + 27 + (16 - -19)
31
Evaluate 15 - (4 - (7 + -1 - 8)).
9
10 + -28 + 16 + 27 - (1 - -8)
16
What is (41 - 30) + -41 + 4 + -1?
-27
What is the value of -2 + 8 + (2 - 0) + 7 + -8?
7
What is -31 + 48 - -40 - 32?
25
What is the value of -3 + -3 + 7 + (-22 - -17) + 0?
-4
-10 - ((-9 - 2) + (1 - 1) + 6)
-5
Calculate 6 + 28 + -20 + (-8 - -5).
11
Calculate -5 - (-4 + 7 + (3 - 14) - -1).
2
-12 - -3 - -3 - (-34 + 35)
-7
What is the value of -1 - 0 - -6 - -15 - -7?
27
-10 + (-10 - -4) + -9 + 8 + -5
-22
Evaluate (-4 - (8 + -8 - (1 - 1))) + 17.
13
What is (1441 - 1441) + (2 + 1 - (2 - 1))?
2
What is -2 + 10 + -35 + 28?
1
What is the value of 0 + (15 - 11) + (-18 - 5)?
-19
What is the value of 1 + 5 + -10 + -19 + 13?
-10
Calculate (-14 - 22) + 19 + 1.
-16
What is (4 - 5) + (14 - 10)?
3
Calculate -6 - (-28 + 4) - 5 - (19 + -16).
10
What is the value of (14 - (-6 + 11 + 27)) + 17?
-1
What is the value of 25 - (10 + (-2 - (15 - 12)))?
20
Calculate (47 - 49) + 1 + (3 - 10) + -1.
-9
1 + -1 + (1 + -6 - 0) + -2
-7
Calculate -1 + -8 + -7 + (21 - 3).
2
Calculate (-2 - 1 - (6 - 5) - -2) + 3.
1
What is the value of -1 - 4 - (-15 - (9 + -25))?
-6
Evaluate -7 + (-10 - -1 - -4) - -18.
6
What is 0 + 4 - 7 - -2 - (24 + -12)?
-13
Calculate -6 - ((-4 - 1) + -31 + 35).
-5
Calculate 5 + 4 + -13 - (-1 - -1) - 3.
-7
Evaluate -25 - (34 - 52) - (1 - 17).
9
What is -11 - (8 + -11) - (8 - 33)?
17
What is (7 - (1 - 6 - (2 - 11))) + 2?
5
What is the value of -3 + (5 - -1) + (-439 - -441)?
5
-22 - (-18 + 0) - 3 - (6 + 0)
-13
(4 - 2) + (236 - 230)
8
What is the value of -9 + -11 + 15 - -3?
-2
Calculate -35 - 0 - (135 - 153).
-17
What is -6 + (-13 - 2) + 8 + 21?
8
(3 - ((7 - -2) + 2)) + -404 + 413
1
What is the value of (6 + 5 - 9) + (10 - 2)?
10
What is the value of -34 - 1 - (25 + -35)?
-25
What is the value of -2 + -3 + (-3 - (3 - (-10 + 13)))?
-8
Evaluate 10 + -25 - (-34 + 19).
0
Calculate -5 + (3 + -1 - 4).
-7
What is 1 - 1 - (-219 - -223)?
-4
Calculate -29 + 32 + (4 - 4 - 0 - 6).
-3
What is 23 - (-26 + -9 + 24)?
34
What is (-42 - (11 + -71)) + (0 - -3)?
21
17 + 27 + -40 + (-2 - 2)
0
What is the value of -6 - (-15 - ((5 - 4) + -4 + -1))?
5
What is 0 + -3 - (34 + (2 - 15))?
-24
What is the value of -16 + (-29 - -57) + -31?
-19
What is the value of 4 + -19 - (-29 + (13 - 25))?
26
What is (6 - 8) + (10 - -13 - (-8 + 2))?
27
Calculate -23 - ((12 - (13 + -12)) + -19).
-15
Evaluate (2 - 11) + 7 + (2 - 11).
-11
What is the value of -14 + 15 + (-1 - 6) - (5 - -2)?
-13
Evaluate -17 - ((4 + 1 + -9 - -3) + -1).
-15
-35 + (36 - (-6 - -14))
-7
What is the value of -10 + (-1 - 16 - -25) - (-18 + 1)?
15
Calculate 233 - 242 - (1 - 30).
20
Calculate 7 + 2 + (20 - -2 - 14).
17
(0 - ((13 - 7) + (-14 - -2))) + 3
9
What is 1 - (17 + 2 + 9 + -14 + 5)?
-18
12 + -21 + 29 + 2
22
What is 31 - 25 - (30 + 1)?
-25
Calculate (-5 - 1) + (9 - -27) + -9.
21
What is the value of (-8 - -7) + 2 - (5 - (3 + 2))?
1
What is 3 + -7 + (20 - 5)?
11
What is -1 - (-19 - -3) - 2?
13
Evaluate 14 + (-9 - -19) - 15 - 20.
-11
What is 1 + -8 - 9 - -3 - (11 + -14)?
-10
6 + -24 + -2 + -142 + 146
-16
Calculate 82 - 81 - (0 - 0) - (2 + 3).
-4
What is -10 + 0 - -15 - 8?
-3
Evaluate 28 - (-4 + -7 + 30).
9
Evaluate 2 - 4 - (12 + -25 + 6).
5
Evaluate 0 + 11 - (11 - 5) - (-2 - 3).
10
Calculate -99 - -78 - (-17 - 2).
-2
Calculate 22 + (9 - 6 - 3).
22
What is the value of -6 - (-1 - 0 - 3) - -7?
5
What is (-1 - (27 - 13)) + 21?
6
What is the value of 13 + (-4 - 1) - (-7 - (-13 + 6))?
8
What is the value of 7 - 1 - (-17 - -3) - 16?
4
0 + (15 - 7) - (1 + -1)
8
